. What is the remainder when q is divided by 6?
4
Let w(h) = 5*h + 17. Let k be w(5). Calculate the remainder when (18/10)/(k/350) is divided by 6.
3
Suppose 2*u = -2*p - 22, 4*u - 2*p + 0*p + 26 = 0. Let i(f) = -7*f. Calculate the remainder when i(u) is divided by 19.
18
Let a(m) = m**3 - m**2 - m. Let d be a(2). Calculate the remainder when 4*(119/d)/7 is divided by 9.
7
Calculate the remainder when 77 is divided by ((-8)/(-20))/((-3)/(-150)).
17
Let r be ((-708)/24)/(2/4). Let m = -42 - r. Calculate the remainder when 50 is divided by m.
16
Let z be 4*(-3 + 9/4). Let o = 5 + z. Let r(l) = 2*l**3 + 2*l**2 + 2*l - 3. Calculate the remainder when r(o) is divided by 13.
12
Suppose 2*i = -4*a + 96, 135 + 17 = 3*i - 2*a. Suppose -266*c = -271*c + 65. What is the remainder when i is divided by c?
11
Suppose -5*t = -z + 52 - 10, -2*t + 129 = 5*z. What is the remainder when z is divided by 14?
13
Suppose 14 = 5*l - 21. Let k be 4 + -5 - -13*l. Calculate the remainder when 39 is divided by k/12*8/3.
19
Let w = -11 + 18. What is the remainder when (6 - 39/6) + 82/4 is divided by w?
6
Let m(t) = -5*t - 27. Calculate the remainder when 31 is divided by m(-7).
7
Suppose 0 = 2*r - 6 - 16. Calculate the remainder when 32 is divided by r.
10
Let q(s) = -s**3 - 6*s**2 + 8*s - 8. Let a be q(-7). Calculate the remainder when (-5)/a + (-32)/(-3) is divided by 4.
3
Suppose -5*o = -3*k - 530, -2*k + 30 + 394 = 4*o. What is the remainder when o is divided by 9?
7
Let o(n) = 8*n - 1. Suppose -30 = -5*g - 10. Suppose 26 = 2*j - 2*u, -2*j - 56 = -7*j - g*u. What is the remainder when j is divided by o(1)?
5
Suppose -5*u = -4*g - g - 190, 4*u - 2*g - 146 = 0. Calculate the remainder when u is divided by 11 + -1 + 3/(-3).
8
Let k(q) = -q**3 + 10*q**2 - 7*q + 4. Suppose 7 = -u + 16. What is the remainder when 42 is divided by k(u)?
20
Let z be (18/9)/(1 - 0). What is the remainder when z/13 - 5719/(-91) is divided by 22?
19
Let r = -53 - -106. What is the remainder when r is divided by 2?
1
Let f(g) = g**3 + g - 2. Let a be f(2). Let n = -26 + 48. Let y = n - a. What is the remainder when 41 is divided by y?
13
Suppose -2*f = -8, -f + 5*f - 92 = -2*n. Let l = 6 + 1. Let a(d) = -d**3 + 7*d**2 + d + 6. What is the remainder when n is divided by a(l)?
12
Suppose -5*y = -4*c + 81, -4*c + 2*y + 100 - 22 = 0. Calculate the remainder when 93 is divided by c.
17
Suppose -4*m + 76 = -28. Calculate the remainder when m is divided by 6.
2
Let o(d) = d**2 + 7*d - 27. Calculate the remainder when o(-15) is divided by 12.
9
Let z = 29 - 16. Calculate the remainder when 50 is divided by z.
11
Let r(b) = b**3 - 2*b**2 + 3*b + 7. Let y be r(6). Suppose 4*o - y = -29. Calculate the remainder when o is divided by 18.
17
Let c be 3*((-1 - -3) + -1). Suppose -c*h + 150 = 2*h + s, -2*s + 52 = 2*h. Calculate the remainder when h is divided by 8.
7
Let m = 36 + -24. What is the remainder when m is divided by ((-3)/(-9))/((-2)/(-42))?
5
Let t(d) = d**3 - 2*d**2 + 2. Let m be 6/(-15) + (-68)/(-20). Calculate the remainder when 19 is divided by t(m).
8
Let v(b) = b - 2. Let r be (1/3)/(4/60). Calculate the remainder when 3 is divided by v(r).
0
What is the remainder when (-1 - -35)*(1 - 0) is divided by 111/9 - (-5)/(-15)?
10
Suppose 0 = 3*o - 4*d - 55, -5*o - 4*d + 5*d + 103 = 0. Calculate the remainder when o is divided by 12.
9
Let r = -18 - -31. Suppose 2*l = r - 3. Calculate the remainder when 1/(-2) + 34/4 is divided by l.
3
Suppose 2*r - 3*r + 89 = 0. Calculate the remainder when r is divided by 23.
20
Suppose 0*t = -t + 3. Suppose -2*z + 80 = t*z. Let j = -7 + z. Calculate the remainder when 26 is divided by j.
8
What is the remainder when (8/(-2))/(-2 + (-33)/(-18)) is divided by 14?
10
Suppose 0 = -2*u - 3*c - 11, -2*c - 3 = -4*u - 3*c. Suppose -u*h - 8 = -22. What is the remainder when 20 is divided by h?
6
Suppose -7*v = -4 - 94. Calculate the remainder when 82 is divided by v.
12
Suppose 0*y - 4*y + 440 = 0. What is the remainder when y is divided by 16?
14
Let r = 0 + 50. Suppose 0*v = -2*v + r. Calculate the remainder when v is divided by 13.
12
Suppose -3*m = 5*v - 74, 3*v + m = 16 + 30. Let i(f) = f + 5. Calculate the remainder when v is divided by i(4).
7
Let g(b) = b + 11. Let q(n) = -n - 10. Let l(p) = -3*g(p) - 4*q(p). Let j = 0 - -3. Calculate the remainder when l(0) is divided by j.
1
Suppose 57*n + 72 = 63*n. Let u = -4 - -7. Suppose -u*x = -8 - 97. What is the remainder when x is divided by n?
11
Suppose -i = i, -h + 22 = -4*i. What is the remainder when 85 is divided by h?
19
Suppose 0*u + 5*u - 1260 = 0. Suppose q - 5*q = -u. Suppose 2*p - q = -p. What is the remainder when p is divided by 11?
10
Let g = -1 - -4. Calculate the remainder when ((-14)/6)/(2/(-12)) is divided by 68/12 - 2/g.
4
Suppose 12 = -3*x, -4*k + k = -4*x - 106. Calculate the remainder when 88 is divided by k.
28
Let v(r) = 2*r**2 - r - 4. Let m = 4 - 0. What is the remainder when v(m) is divided by 13?
11
Suppose -4*i - 3*d + 1 = -2*d, 0 = 3*d - 3. Suppose 0 = 2*o + 2*s - 12, o + 4 = -3*s - i. Calculate the remainder when o is divided by 3.
2
Suppose 0 = 2*k - 0*k - 16. Suppose 5*o - k = 4*o. Calculate the remainder when 15 is divided by o.
7
Let i(z) = -z**3 + 8*z**2 + z - 6. Let y(n) = n**2 - n - 1. Let x(v) = -i(v) - y(v). Calculate the remainder when 25 is divided by x(9).
4
Let d = 3 - 1. Calculate the remainder when 11 is divided by d + (3 - (4 + -3)).
3
Suppose k - 2*k = v - 21, 29 = v + 5*k. What is the remainder when 36 is divided by v?
17
Suppose -4*y = -18 - 18. Let u be 42/y - (-2)/6. Suppose u*p - 48 = p. What is the remainder when 23 is divided by p?
11
Let p(u) = -11*u**2 + u - 2. Let m be p(2). Let a = 118 + m. Calculate the remainder when a is divided by 25.
24
Suppose 12*j = 10 + 122. Suppose -4*x - x = -20. Calculate the remainder when j is divided by x.
3
Let i(o) = -o**2 - 17*o + 12. What is the remainder when i(-16) is divided by 10?
8
Suppose -3*j + 54 = 4*d - 26, 0 = -j - 3*d + 30. What is the remainder when j is divided by 13?
11
Suppose -1 + 21 = 4*f. Suppose 2*c - 8 = 0, -3*i + c = -3 - f. Suppose -h = i*g + 21 - 100, -5*g + 120 = -3*h. Calculate the remainder when g is divided by 11.
10
Suppose -8 = 4*p - 4*d, 4*d = -3*p - 0*p + 15. Let h = 22 + -12. What is the remainder when (p + 1)/(1/14) is divided by h?
8
Let j(w) = -2*w + 2. Let r be j(-6). Let f = 16 + r. What is the remainder when 44 is divided by ((-8)/4)/((-4)/f)?
14
Suppose 0*u = u - 5, -10 = -5*l + 5*u. Suppose p - 2 = -2*q + 4, 5*q + 7 = 3*p. What is the remainder when l is divided by p?
3
Suppose 64 = 12*m - 32. Calculate the remainder when 14 is divided by m.
6
Let v = -66 - -97. Calculate the remainder when v is divided by 9.
4
Let y(k) = 5*k - 1. Let b be y(6). Suppose -b = -2*n + 17. Calculate the remainder when n is divided by (-5)/((-15)/(-6))*-4.
7
Suppose 27 = c - 8. What is the remainder when c is divided by 9?
8
Suppose -5*s = c - 20, 0*c = 2*c + 3*s - 12. Suppose c = -2*f - 2*f, 5*w - 50 = 4*f. What is the remainder when w is divided by 4?
2
Let c be (-2)/7 + (-46)/(-14). Suppose -c = -l, 4*b = 4*l + 4 + 12. Calculate the remainder when b is divided by 3.
1
Let p be (-96)/(-21) + 12/28. Suppose 6*u - 41 = 2*u - 5*y, 0 = p*u - 3*y - 5. Suppose -29 = -u*s + 35. Calculate the remainder when 31 is divided by s.
15
Let f be (3/3)/(4/(-168)). Let q = -5 - f. Suppose 26 = k + k. Calculate the remainder when q is divided by k.
11
Let v = 12 - 7. Suppose 0 = -5*r - 5*p + 60, 0*r + 5*p + 10 = v*r. Calculate the remainder when r is divided by 4.
3
What is the remainder when (0 + (160/12)/(-5))*-3 is divided by 5?
3
Let a(m) = 26*m**2 + m + 7. Let h(p) = -13*p**2 - p - 4. Let u(y) = 3*a(y) + 5*h(y). Calculate the remainder when 23 is divided by u(1).
11
Let x = 22 - 16. Suppose -x*u = -3*u - 153. What is the remainder when u is divided by 13?
12
Let f = 11 + -7. Suppose -9 = 3*x, -z = 4*x + 4 + 5. Calculate the remainder when f is divided by z.
1
Let h(x) = 9*x**2 + 3*x + 2. What is the remainder when h(-1) is divided by 5?
3
Let o = 636 - 583. Suppose -66 = -4*n + 6. What is the remainder when o is divided by n?
17
Suppose 0 = 3*i - 7*i + 4. What is the remainder when -4*1*(-5)/10 is divided by i?
0
Let 